{"id":7285,"date":"2024-09-09T16:34:45","date_gmt":"2024-09-09T14:34:45","guid":{"rendered":"https:\/\/juhls.wpenginepowered.com\/?post_type=product&#038;p=7285"},"modified":"2026-04-20T19:09:05","modified_gmt":"2026-04-20T17:09:05","slug":"orepynt-nr-183-forgylt","status":"publish","type":"product","link":"https:\/\/www.juhls.no\/en\/vare-kolleksjoner\/historical\/earring\/orepynt-nr-183-forgylt\/","title":{"rendered":"\u00d8repynt Nr. 183 forgylt"},"content":{"rendered":"","protected":false},"excerpt":{"rendered":"<p>\u00d8repynt<\/p>\n<p>S\u00f8lv 925S Forgylt l\u00f8v 830<\/p>\n<p>Valget i nedtrekksmenyen bestemmer midterste stein.<span class=\"Apple-converted-space\">\u00a0De sm\u00e5 p\u00e5 hver side finnes kun i f\u00e5 farger. Der samme farge ikke finnes blir de ytterset blank.\u00a0<\/span><\/p>\n","protected":false},"featured_media":9442,"template":"","meta":{"_acf_changed":false},"product_cat":[668,677,669,1158],"class_list":{"0":"post-7285","1":"product","2":"type-product","3":"status-publish","4":"has-post-thumbnail","6":"product_cat-earring","7":"product_cat-historical","8":"product_cat-silver-for-sami-clothing","9":"product_cat-orepynt","11":"first","12":"instock","13":"taxable","14":"shipping-taxable","15":"purchasable","16":"product-type-simple"},"acf":[],"_links":{"self":[{"href":"https:\/\/www.juhls.no\/en\/wp-json\/wp\/v2\/product\/7285","targetHints":{"allow":["GET"]}}],"collection":[{"href":"https:\/\/www.juhls.no\/en\/wp-json\/wp\/v2\/product"}],"about":[{"href":"https:\/\/www.juhls.no\/en\/wp-json\/wp\/v2\/types\/product"}],"wp:featuredmedia":[{"embeddable":true,"href":"https:\/\/www.juhls.no\/en\/wp-json\/wp\/v2\/media\/9442"}],"wp:attachment":[{"href":"https:\/\/www.juhls.no\/en\/wp-json\/wp\/v2\/media?parent=7285"}],"wp:term":[{"taxonomy":"product_cat","embeddable":true,"href":"https:\/\/www.juhls.no\/en\/wp-json\/wp\/v2\/product_cat?post=7285"}],"curies":[{"name":"wp","href":"https:\/\/api.w.org\/{rel}","templated":true}]}}

Ørepynt Nr. 183 forgylt

<p>Ørepynt</p>
<p>Sølv 925S Forgylt løv 830</p>
<p>Valget i nedtrekksmenyen bestemmer midterste stein.<span class="Apple-converted-space"> De små på hver side finnes kun i få farger. Der samme farge ikke finnes blir de ytterset blank. </span></p>
